[INFO] cloning repository https://github.com/F3kilo/infrastructure_prototype
[INFO] running `Command { std: "git" "-c" "credential.helper=" "-c" "credential.helper=/workspace/cargo-home/bin/git-credential-null" "clone" "--bare" "https://github.com/F3kilo/infrastructure_prototype" "/workspace/cache/git-repos/https%3A%2F%2Fgithub.com%2FF3kilo%2Finfrastructure_prototype", kill_on_drop: false }`
[INFO] [stderr] Cloning into bare repository '/workspace/cache/git-repos/https%3A%2F%2Fgithub.com%2FF3kilo%2Finfrastructure_prototype'...
[INFO] running `Command { std: "git" "rev-parse" "HEAD", kill_on_drop: false }`
[INFO] [stdout] dc99af5820bd82c760179a6b9ea28ff878572d4a
[INFO] checking F3kilo/infrastructure_prototype against try#72f88fc4e9458f89516a0b8b0868f3718aec5b47 for pr-74989
[INFO] running `Command { std: "git" "clone" "/workspace/cache/git-repos/https%3A%2F%2Fgithub.com%2FF3kilo%2Finfrastructure_prototype" "/workspace/builds/worker-9/source", kill_on_drop: false }`
[INFO] [stderr] Cloning into '/workspace/builds/worker-9/source'...
[INFO] [stderr] done.
[INFO] validating manifest of git repo https://github.com/F3kilo/infrastructure_prototype on toolchain 72f88fc4e9458f89516a0b8b0868f3718aec5b47
[INFO] running `Command { std: "/workspace/cargo-home/bin/cargo" "+72f88fc4e9458f89516a0b8b0868f3718aec5b47" "read-manifest" "--manifest-path" "Cargo.toml", kill_on_drop: false }`
[INFO] started tweaking git repo https://github.com/F3kilo/infrastructure_prototype
[INFO] finished tweaking git repo https://github.com/F3kilo/infrastructure_prototype
[INFO] tweaked toml for git repo https://github.com/F3kilo/infrastructure_prototype written to /workspace/builds/worker-9/source/Cargo.toml
[INFO] crate git repo https://github.com/F3kilo/infrastructure_prototype already has a lockfile, it will not be regenerated
[INFO] running `Command { std: "/workspace/cargo-home/bin/cargo" "+72f88fc4e9458f89516a0b8b0868f3718aec5b47" "fetch" "--locked" "--manifest-path" "Cargo.toml", kill_on_drop: false }`
[INFO] [stderr]  Downloading crates ...
[INFO] [stderr]   Downloaded trackable v0.2.23
[INFO] [stderr]   Downloaded slog-kvfilter v0.7.0
[INFO] [stderr]   Downloaded sloggers v0.3.5
[INFO] [stderr]   Downloaded slog-term v2.5.0
[INFO] [stderr]   Downloaded winit v0.22.0
[INFO] [stderr]   Downloaded trackable_derive v0.1.3
[INFO] [stderr]   Downloaded slog-stdlog v3.0.5
[INFO] [stderr]   Downloaded settings_path v0.1.0
[INFO] running `Command { std: "docker" "create" "-v" "/var/lib/crater-agent-workspace/builds/worker-9/target:/opt/rustwide/target:rw,Z" "-v" "/var/lib/crater-agent-workspace/builds/worker-9/source:/opt/rustwide/workdir:ro,Z" "-v" "/var/lib/crater-agent-workspace/cargo-home:/opt/rustwide/cargo-home:ro,Z" "-v" "/var/lib/crater-agent-workspace/rustup-home:/opt/rustwide/rustup-home:ro,Z" "-e" "SOURCE_DIR=/opt/rustwide/workdir" "-e" "CARGO_TARGET_DIR=/opt/rustwide/target" "-e" "CARGO_HOME=/opt/rustwide/cargo-home" "-e" "RUSTUP_HOME=/opt/rustwide/rustup-home" "-w" "/opt/rustwide/workdir" "-m" "1610612736" "--user" "0:0" "--network" "none" "rustops/crates-build-env@sha256:d92eaeed33fa75130ca1ee6c8a01d1ffb62bac859dfdfb3450e3e5d1c0146529" "/opt/rustwide/cargo-home/bin/cargo" "+72f88fc4e9458f89516a0b8b0868f3718aec5b47" "metadata" "--no-deps" "--format-version=1", kill_on_drop: false }`
[INFO] [stdout] 0bef071678905fc5bc6d97a7468c1e05063a73e58cfe370536a55e30ddac88c3
[INFO] [stderr] WARNING: Your kernel does not support swap limit capabilities or the cgroup is not mounted. Memory limited without swap.
[INFO] running `Command { std: "docker" "start" "-a" "0bef071678905fc5bc6d97a7468c1e05063a73e58cfe370536a55e30ddac88c3", kill_on_drop: false }`
[INFO] running `Command { std: "docker" "inspect" "0bef071678905fc5bc6d97a7468c1e05063a73e58cfe370536a55e30ddac88c3", kill_on_drop: false }`
[INFO] running `Command { std: "docker" "rm" "-f" "0bef071678905fc5bc6d97a7468c1e05063a73e58cfe370536a55e30ddac88c3", kill_on_drop: false }`
[INFO] [stdout] 0bef071678905fc5bc6d97a7468c1e05063a73e58cfe370536a55e30ddac88c3
[INFO] running `Command { std: "docker" "create" "-v" "/var/lib/crater-agent-workspace/builds/worker-9/target:/opt/rustwide/target:rw,Z" "-v" "/var/lib/crater-agent-workspace/builds/worker-9/source:/opt/rustwide/workdir:ro,Z" "-v" "/var/lib/crater-agent-workspace/cargo-home:/opt/rustwide/cargo-home:ro,Z" "-v" "/var/lib/crater-agent-workspace/rustup-home:/opt/rustwide/rustup-home:ro,Z" "-e" "SOURCE_DIR=/opt/rustwide/workdir" "-e" "CARGO_TARGET_DIR=/opt/rustwide/target" "-e" "CARGO_INCREMENTAL=0" "-e" "RUST_BACKTRACE=full" "-e" "RUSTFLAGS=--cap-lints=forbid" "-e" "CARGO_HOME=/opt/rustwide/cargo-home" "-e" "RUSTUP_HOME=/opt/rustwide/rustup-home" "-w" "/opt/rustwide/workdir" "-m" "1610612736" "--user" "0:0" "--network" "none" "rustops/crates-build-env@sha256:d92eaeed33fa75130ca1ee6c8a01d1ffb62bac859dfdfb3450e3e5d1c0146529" "/opt/rustwide/cargo-home/bin/cargo" "+72f88fc4e9458f89516a0b8b0868f3718aec5b47" "check" "--frozen" "--all" "--all-targets" "--message-format=json", kill_on_drop: false }`
[INFO] [stdout] b711dc61c782cb91df5028d2e9c89c18c1aec79f2247d7d793c4216db13bb24f
[INFO] [stderr] WARNING: Your kernel does not support swap limit capabilities or the cgroup is not mounted. Memory limited without swap.
[INFO] running `Command { std: "docker" "start" "-a" "b711dc61c782cb91df5028d2e9c89c18c1aec79f2247d7d793c4216db13bb24f", kill_on_drop: false }`
[INFO] [stderr]     Blocking waiting for file lock on package cache
[INFO] [stderr]    Compiling libc v0.2.68
[INFO] [stderr]    Compiling autocfg v1.0.0
[INFO] [stderr]    Compiling cc v1.0.50
[INFO] [stderr]    Compiling proc-macro2 v0.4.30
[INFO] [stderr]    Compiling unicode-xid v0.1.0
[INFO] [stderr]    Compiling xml-rs v0.8.2
[INFO] [stderr]    Compiling byteorder v1.3.4
[INFO] [stderr]    Compiling slog v2.5.2
[INFO] [stderr]    Compiling nix v0.14.1
[INFO] [stderr]    Compiling proc-macro2 v1.0.10
[INFO] [stderr]    Compiling maybe-uninit v2.0.0
[INFO] [stderr]     Checking lazycell v1.2.1
[INFO] [stderr]     Checking arrayvec v0.5.1
[INFO] [stderr]     Checking downcast-rs v1.1.1
[INFO] [stderr]     Checking same-file v1.0.6
[INFO] [stderr]    Compiling pkg-config v0.3.17
[INFO] [stderr]     Checking regex-syntax v0.6.17
[INFO] [stderr]     Checking take_mut v0.2.2
[INFO] [stderr]     Checking xdg v2.2.0
[INFO] [stderr]     Checking arc-swap v0.4.5
[INFO] [stderr]     Checking smallvec v1.3.0
[INFO] [stderr]    Compiling serde v1.0.106
[INFO] [stderr]     Checking rle-decode-fast v1.0.1
[INFO] [stderr]     Checking adler32 v1.0.4
[INFO] [stderr]     Checking settings_path v0.1.0
[INFO] [stderr]     Checking walkdir v2.3.1
[INFO] [stderr]     Checking lock_api v0.3.3
[INFO] [stderr]     Checking log v0.4.8
[INFO] [stderr]     Checking aho-corasick v0.7.10
[INFO] [stderr]     Checking libflate v0.1.27
[INFO] [stderr]     Checking log v0.3.9
[INFO] [stderr]    Compiling num-traits v0.2.11
[INFO] [stderr]    Compiling crossbeam-utils v0.7.2
[INFO] [stderr]    Compiling num-integer v0.1.42
[INFO] [stderr]     Checking slog-scope v4.3.0
[INFO] [stderr]     Checking stb_truetype v0.3.1
[INFO] [stderr]     Checking slog-stdlog v3.0.5
[INFO] [stderr]    Compiling x11-dl v2.18.5
[INFO] [stderr]    Compiling quote v0.6.13
[INFO] [stderr]    Compiling quote v1.0.3
[INFO] [stderr]    Compiling wayland-scanner v0.23.6
[INFO] [stderr]    Compiling libloading v0.5.2
[INFO] [stderr]    Compiling tinyfiledialogs v3.3.9
[INFO] [stderr]     Checking net2 v0.2.33
[INFO] [stderr]     Checking iovec v0.1.4
[INFO] [stderr]     Checking dirs-sys v0.3.4
[INFO] [stderr]     Checking time v0.1.42
[INFO] [stderr]     Checking parking_lot_core v0.7.0
[INFO] [stderr]     Checking memmap v0.7.0
[INFO] [stderr]     Checking atty v0.2.14
[INFO] [stderr]     Checking raw-window-handle v0.3.3
[INFO] [stderr]    Compiling syn v1.0.17
[INFO] [stderr]     Checking crossbeam-channel v0.4.2
[INFO] [stderr]     Checking dirs v2.0.2
[INFO] [stderr]     Checking mio v0.6.21
[INFO] [stderr]     Checking parking_lot v0.10.0
[INFO] [stderr]     Checking term v0.6.1
[INFO] [stderr]     Checking dlib v0.4.1
[INFO] [stderr]     Checking ash v0.30.0
[INFO] [stderr]     Checking approx v0.3.2
[INFO] [stderr]     Checking ordered-float v1.0.2
[INFO] [stderr]     Checking line_drawing v0.7.0
[INFO] [stderr]     Checking wayland-sys v0.23.6
[INFO] [stderr]     Checking rusttype v0.8.2
[INFO] [stderr]     Checking chrono v0.4.11
[INFO] [stderr]     Checking slog-async v2.5.0
[INFO] [stderr]     Checking mio-extras v2.0.6
[INFO] [stderr]     Checking rusttype v0.7.9
[INFO] [stderr]     Checking andrew v0.2.1
[INFO] [stderr]     Checking regex v1.3.6
[INFO] [stderr]     Checking slog-term v2.5.0
[INFO] [stderr]    Compiling wayland-client v0.23.6
[INFO] [stderr]    Compiling wayland-protocols v0.23.6
[INFO] [stderr]     Checking slog-kvfilter v0.7.0
[INFO] [stderr]    Compiling trackable_derive v0.1.3
[INFO] [stderr]    Compiling serde_derive v1.0.106
[INFO] [stderr]     Checking wayland-commons v0.23.6
[INFO] [stderr]     Checking calloop v0.4.4
[INFO] [stderr]     Checking trackable v0.2.23
[INFO] [stderr]     Checking sloggers v0.3.5
[INFO] [stderr]     Checking smithay-client-toolkit v0.6.6
[INFO] [stderr]     Checking winit v0.22.0
[INFO] [stderr]     Checking infrastructure_prototype v0.1.0 (/opt/rustwide/workdir)
[INFO] [stdout] error[E0308]: mismatched types
[INFO] [stdout]    --> src/model/model_manager.rs:165:12
[INFO] [stdout]     |
[INFO] [stdout] 165 |         Ok(model.update(prior_result, input_events.into_iter()))
[INFO] [stdout]     |            ^^^^^^^^^^^^^^^^^^^^^^^^^^^^^^^^^^^^^^^^^^^^^^^^^^^^ expected enum `Option`, found enum `model::State`
[INFO] [stdout]     |
[INFO] [stdout]     = note: expected enum `Option<<M as Model>::PriorResult>`
[INFO] [stdout]                found enum `model::State<<M as Model>::PriorResult>`
[INFO] [stdout] 
[INFO] [stdout] 
[INFO] [stdout] error[E0308]: mismatched types
[INFO] [stdout]    --> src/model/model_manager.rs:165:12
[INFO] [stdout]     |
[INFO] [stdout] 165 |         Ok(model.update(prior_result, input_events.into_iter()))
[INFO] [stdout]     |            ^^^^^^^^^^^^^^^^^^^^^^^^^^^^^^^^^^^^^^^^^^^^^^^^^^^^ expected enum `Option`, found enum `model::State`
[INFO] [stdout]     |
[INFO] [stdout]     = note: expected enum `Option<<M as Model>::PriorResult>`
[INFO] [stdout]                found enum `model::State<<M as Model>::PriorResult>`
[INFO] [stdout] 
[INFO] [stdout] 
[INFO] [stdout] error[E0308]: mismatched types
[INFO] [stdout]    --> src/model/model_manager.rs:171:9
[INFO] [stdout]     |
[INFO] [stdout] 169 |     fn while_present(&self, prior_result: Option<M::PriorResult>) -> Option<M::PriorResult> {
[INFO] [stdout]     |                                                                      ---------------------- expected `Option<<M as Model>::PriorResult>` because of return type
[INFO] [stdout] 170 |         trace!(self.logger, "While present calculations start");
[INFO] [stdout] 171 |         self.model.prior(prior_result)
[INFO] [stdout]     |         ^^^^^^^^^^^^^^^^^^^^^^^^^^^^^^ expected enum `Option`, found enum `model::State`
[INFO] [stdout]     |
[INFO] [stdout]     = note: expected enum `Option<<M as Model>::PriorResult>`
[INFO] [stdout]                found enum `model::State<<M as Model>::PriorResult>`
[INFO] [stdout] 
[INFO] [stdout] 
[INFO] [stdout] error: aborting due to 2 previous errors
[INFO] [stdout] 
[INFO] [stdout] 
[INFO] [stdout] For more information about this error, try `rustc --explain E0308`.
[INFO] [stdout] 
[INFO] [stdout] error[E0308]: mismatched types
[INFO] [stdout]    --> src/model/model_manager.rs:171:9
[INFO] [stdout]     |
[INFO] [stdout] 169 |     fn while_present(&self, prior_result: Option<M::PriorResult>) -> Option<M::PriorResult> {
[INFO] [stdout]     |                                                                      ---------------------- expected `Option<<M as Model>::PriorResult>` because of return type
[INFO] [stdout] 170 |         trace!(self.logger, "While present calculations start");
[INFO] [stdout] 171 |         self.model.prior(prior_result)
[INFO] [stdout]     |         ^^^^^^^^^^^^^^^^^^^^^^^^^^^^^^ expected enum `Option`, found enum `model::State`
[INFO] [stdout]     |
[INFO] [stdout]     = note: expected enum `Option<<M as Model>::PriorResult>`
[INFO] [stdout]                found enum `model::State<<M as Model>::PriorResult>`
[INFO] [stdout] 
[INFO] [stdout] 
[INFO] [stderr] error: could not compile `infrastructure_prototype`.
[INFO] [stderr] 
[INFO] [stderr] To learn more, run the command again with --verbose.
[INFO] [stderr] warning: build failed, waiting for other jobs to finish...
[INFO] [stdout] error: aborting due to 2 previous errors
[INFO] [stdout] 
[INFO] [stdout] 
[INFO] [stdout] For more information about this error, try `rustc --explain E0308`.
[INFO] [stdout] 
[INFO] [stderr] error: build failed
[INFO] running `Command { std: "docker" "inspect" "b711dc61c782cb91df5028d2e9c89c18c1aec79f2247d7d793c4216db13bb24f", kill_on_drop: false }`
[INFO] running `Command { std: "docker" "rm" "-f" "b711dc61c782cb91df5028d2e9c89c18c1aec79f2247d7d793c4216db13bb24f", kill_on_drop: false }`
[INFO] [stdout] b711dc61c782cb91df5028d2e9c89c18c1aec79f2247d7d793c4216db13bb24f
